at is the hundreds digit of 1926668?
6
What is the thousands digit of 159419?
9
What is the units digit of 4815845?
5
What is the tens digit of 335724?
2
What is the thousands digit of 2157062?
7
What is the hundred thousands digit of 300640?
3
What is the units digit of 7014607?
7
What is the hundred thousands digit of 1808991?
8
What is the hundred thousands digit of 668102?
6
What is the hundreds digit of 1869944?
9
What is the millions digit of 1049398?
1
What is the hundreds digit of 59437?
4
What is the hundred thousands digit of 991472?
9
What is the units digit of 440047?
7
What is the tens digit of 2376671?
7
What is the millions digit of 5903739?
5
What is the hundreds digit of 189201?
2
What is the units digit of 135657?
7
What is the units digit of 21956933?
3
What is the units digit of 20526062?
2
What is the ten thousands digit of 1695269?
9
What is the ten thousands digit of 211903?
1
What is the hundred thousands digit of 2717779?
7
What is the millions digit of 13154018?
3
What is the units digit of 28073?
3
What is the hundreds digit of 2147831?
8
What is the hundred thousands digit of 12432282?
4
What is the ten thousands digit of 301641?
0
What is the tens digit of 463757?
5
What is the hundred thousands digit of 275701?
2
What is the tens digit of 26920?
2
What is the ten millions digit of 16154001?
1
What is the tens digit of 2496127?
2
What is the ten thousands digit of 71505?
7
What is the thousands digit of 28573?
8
What is the hundreds digit of 102287?
2
What is the hundred thousands digit of 232649?
2
What is the thousands digit of 13382827?
2
What is the hundred thousands digit of 4608991?
6
What is the units digit of 179685?
5
What is the tens digit of 4382057?
5
What is the tens digit of 6483082?
8
What is the hundreds digit of 764954?
9
What is the thousands digit of 2795032?
5
What is the tens digit of 79908?
0
What is the ten thousands digit of 468023?
6
What is the millions digit of 9391719?
9
What is the millions digit of 5773962?
5
What is the units digit of 535798?
8
What is the tens digit of 318998?
9
What is the hundreds digit of 3518439?
4
What is the units digit of 2401653?
3
What is the units digit of 9158532?
2
What is the ten thousands digit of 1679895?
7
What is the tens digit of 29028967?
6
What is the tens digit of 180336?
3
What is the units digit of 96197?
7
What is the hundreds digit of 1772459?
4
What is the ten thousands digit of 212067?
1
What is the ten thousands digit of 115342?
1
What is the ten thousands digit of 612063?
1
What is the tens digit of 31153?
5
What is the millions digit of 4169082?
4
What is the tens digit of 638594?
9
What is the millions digit of 33080340?
3
What is the units digit of 48239?
9
What is the ten thousands digit of 6719684?
1
What is the ten thousands digit of 809147?
0
What is the ten thousands digit of 1114283?
1
What is the units digit of 323991?
1
What is the millions digit of 14955377?
4
What is the hundred thousands digit of 5056964?
0
What is the millions digit of 4607740?
4
What is the tens digit of 1951531?
3
What is the ten thousands digit of 729140?
2
What is the hundreds digit of 12151148?
1
What is the units digit of 173393?
3
What is the tens digit of 325828?
2
What is the units digit of 109485?
5
What is the units digit of 86517?
7
What is the tens digit of 704681?
8
What is the ten thousands digit of 134619?
3
What is the hundred thousands digit of 227925?
2
What is the hundreds digit of 10645704?
7
What is the thousands digit of 4282059?
2
What is the thousands digit of 1073934?
3
What is the hundreds digit of 240409?
4
What is the units digit of 131776?
6
What is the millions digit of 16039475?
6
What is the tens digit of 8831496?
9
What is the millions digit of 10711130?
0
What is the ten thousands digit of 402590?
0
What is the hundred thousands digit of 212137?
2
What is the units digit of 6007511?
1
What is the hundreds digit of 38424?
4
What is the thousands digit of 124394?
4
What is the tens digit of 323279?
7
What is the units digit of 5127290?
0
What is the ten thousands digit of 16137443?
3
What is the hundreds digit of 163006?
0
What is the thousands digit of 1675541?
5
What is the units digit of 13918141?
1
What is the thousands digit of 963434?
3
What is the thousands digit of 1559124?
9
What is the units digit of 1143109?
9
What is the tens digit of 18429813?
1
What is the tens digit of 16770549?
4
What is the millions digit of 4163078?
4
What is the hundred thousands digit of 546716?
5
What is the ten thousands digit of 1284751?
8
What is the units digit of 541436?
6
What is the hundred thousands digit of 509154?
5
What is the ten thousands digit of 297660?
9
What is the tens digit of 8699426?
2
What is the tens digit of 9979539?
3
What is the hundreds digit of 7230528?
5
What is the units digit of 1084823?
3
What is the tens digit of 382173?
7
What is the millions digit of 3410105?
3
What is the thousands digit of 122011?
2
What is the ten thousands digit of 20149340?
4
What is the units digit of 58221?
1
What is the hundreds digit of 4094959?
9
What is the thousands digit of 60489?
0
What is the units digit of 10987321?
1
What is the thousands digit of 7165887?
5
What is the tens digit of 906602?
0
What is the thousands digit of 1184031?
4
What is the hundreds digit of 510098?
0
What is the hundreds digit of 791885?
8
What is the thousands digit of 62493?
2
What is the hundreds digit of 770992?
9
What is the hundreds digit of 36386140?
1
What is the tens digit of 218916?
1
What is the hundreds digit of 2288828?
8
What is the thousands digit of 1424437?
4
What is the hundred thousands digit of 246210?
2
What is the thousands digit of 469906?
9
What is the units digit of 1431555?
5
What is the tens digit of 124748?
4
What is the ten thousands digit of 1999829?
9
What is the hundred thousands digit of 1971816?
9
What is the tens digit of 472090?
9
What is the thousands digit of 200891?
0
What is the hundred thousands digit of 4913430?
9
What is the units digit of 150544?
4
What is the thousands digit of 953344?
3
What is the hundred thousands digit of 928589?
9
What is the tens digit of 8814304?
0
What is the hundreds digit of 763267?
2
What is the millions digit of 4791564?
4
What is the hundreds digit of 273115?
1
What is the thousands digit of 359326?
9
What is the hundred thousands digit of 3888376?
8
What is the millions digit of 2233145?
2
What is the units digit of 558691?
1
What is the hundreds digit of 438308?
3
What is the ten thousands digit of 4373714?
7
What is the ten thousands digit of 594187?
9
What is the hundreds digit of 1256436?
4
What is the hundreds digit of 277514?
5
What is the thousands digit of 2730899?
0
What is the millions digit of 6304770?
6
What is the hundreds digit of 845647?
6
What is the units digit of 216197?
7
What is the units digit of 1491?
1
What is the units digit of 409174?
4
What is the millions digit of 5709708?
5
What is the thousands digit of 1788417?
8
What is the ten thousands digit of 217400?
1
What is the millions digit of 5238909?
5
What is the millions digit of 1183464?
1
What is the units digit of 5386595?
5
What is the hundred thousands digit of 869546?
8
What is the ten thousands digit of 14941114?
4
What is the thousands digit of 213762?
3
What is the ten thousands digit of 204772?
0
What is the units digit of 970525?
5
What is the hundreds digit of 817821?
8
What is the ten thousands digit of 4213578?
1
What is the hundreds digit of 1679888?
8
What is the thousands digit of 25092885?
2
What is the ten millions digit of 20908194?
2
What is the thousands digit of 892490?
2
What is the millions digit of 2967114?
2
What is the hundreds digit of 2163986?
9
What is the tens digit of 5415985?
8
What is the hundred thousands digit of 1018535?
0
What is the ten thousands digit of 585807?
8
What is the hundred thousands digit of 7206142?
2
What is the tens digit of 121535?
3
What is the thousands digit of 2554517?
4
What is the hundred thousands digit of 12280952?
2
What is the units digit of 991562?
2
What is the thousands digit of 53726?
3
What is the units digit of 1274899?
9
What is the hundreds digit of 100407?
4
What is the ten millions digit of 14414087?
1
What is the t